{"id":815,"date":"2016-06-02T19:55:48","date_gmt":"2016-06-02T19:55:48","guid":{"rendered":"http:\/\/qt.dev\/dev\/thecleaner\/?page_id=815"},"modified":"2022-12-24T17:37:33","modified_gmt":"2022-12-24T17:37:33","slug":"high-access-cleaning","status":"publish","type":"page","link":"https:\/\/beta.tammikupesula.ee\/?page_id=815","title":{"rendered":"P\u00f5hjalik v\u00e4lipesu"},"content":{"rendered":"<section class=\"wpb-content-wrapper\"><p>[vc_row css=&#8221;.vc_custom_1671903451374{margin-top: -20px !important;}&#8221;][vc_column width=&#8221;1\/2&#8243;][vc_column_text]<\/p>\n<h2>AUTODE V\u00c4LIPESU 30-40 min<\/h2>\n<h3>Teostatavad t\u00f6\u00f6d<\/h3>\n<p><strong><span style=\"color: #3d92e4;\">[icon type=&#8221;fas fa-check&#8221;]<\/span>\u00a0 <span style=\"color: #343434;\">Porimattide puhastus<\/span><\/strong><br \/>\n<strong><span style=\"color: #3d92e4;\">[icon type=&#8221;fas fa-check&#8221;]<\/span>\u00a0 <span style=\"color: #343434;\">Pesuaine peale kandmine<\/span><\/strong><br \/>\n<strong><span style=\"color: #3d92e4;\">[icon type=&#8221;fas fa-check&#8221;]<\/span>\u00a0 <span style=\"color: #343434;\">Survepesuga loputamine<\/span><\/strong><br \/>\n<strong><span style=\"color: #3d92e4;\">[icon type=&#8221;fas fa-check&#8221;]<\/span>\u00a0 <span style=\"color: #343434;\">\u0160ampooni peale kandmine<\/span><\/strong><br \/>\n<strong><span style=\"color: #3d92e4;\">[icon type=&#8221;fas fa-check&#8221;]<\/span>\u00a0 <span style=\"color: #343434;\">\u0160vammi v\u00f5i pesuharjaga h\u00f5\u00f5rumine<\/span><\/strong><br \/>\n<strong><span style=\"color: #3d92e4;\">[icon type=&#8221;fas fa-check&#8221;]<\/span>\u00a0 <span style=\"color: #343434;\">Survepesuga loputamine<\/span><\/strong><br \/>\n<strong><span style=\"color: #3d92e4;\">[icon type=&#8221;fas fa-check&#8221;]<\/span>\u00a0 <span style=\"color: #343434;\">Kuivatamine ( suru\u00f5hk + lapp + paber )<\/span><\/strong>[\/vc_column_text][\/vc_column][vc_column width=&#8221;1\/2&#8243;][vc_column_text css=&#8221;.vc_custom_1671893747513{margin-bottom: -50px !important;}&#8221;]<\/p>\n<h2>T\u00d6\u00d6DE HULKA KUULUB:<\/h2>\n<p><strong><span style=\"color: #3d92e4;\">[icon type=&#8221;fas fa-check&#8221;]<\/span>\u00a0 <span style=\"color: #343434;\">Kummimattide pesu, tekstiilmattide puhastus<\/span><\/strong><br \/>\n<strong><span style=\"color: #3d92e4;\">[icon type=&#8221;fas fa-check&#8221;]<\/span>\u00a0 <span style=\"color: #343434;\">Kere v\u00e4lispinnad<\/span><\/strong><br \/>\n<strong><span style=\"color: #3d92e4;\">[icon type=&#8221;fas fa-check&#8221;]<\/span>\u00a0 <span style=\"color: #343434;\">Ukseavad<\/span><\/strong><br \/>\n<strong><span style=\"color: #3d92e4;\">[icon type=&#8221;fas fa-check&#8221;]<\/span>\u00a0 <span style=\"color: #343434;\">Ukse\u00e4\u00e4red<\/span><\/strong><br \/>\n<strong><span style=\"color: #3d92e4;\">[icon type=&#8221;fas fa-check&#8221;]<\/span>\u00a0 <span style=\"color: #343434;\">Tagaluugi \u00e4\u00e4red<\/span><\/strong><br \/>\n<strong><span style=\"color: #3d92e4;\">[icon type=&#8221;fas fa-check&#8221;]<\/span>\u00a0 <span style=\"color: #343434;\">Tankimisavad<\/span><\/strong><br \/>\n<strong><span style=\"color: #3d92e4;\">[icon type=&#8221;fas fa-check&#8221;]<\/span>\u00a0 <span style=\"color: #343434;\">Lukuavad<\/span><\/strong><br \/>\n<strong><span style=\"color: #3d92e4;\">[icon type=&#8221;fas fa-check&#8221;]<\/span>\u00a0 <span style=\"color: #343434;\">Karbikute \u00e4\u00e4red<\/span><\/strong><br \/>\n<strong><span style=\"color: #3d92e4;\">[icon type=&#8221;fas fa-check&#8221;]<\/span>\u00a0 <span style=\"color: #343434;\">Kaitserauad<\/span><\/strong><br \/>\n<strong><span style=\"color: #3d92e4;\">[icon type=&#8221;fas fa-check&#8221;]<\/span>\u00a0 <span style=\"color: #343434;\">Velgede v\u00e4lispinnad<\/span><\/strong><br \/>\n<strong><span style=\"color: #3d92e4;\">[icon type=&#8221;fas fa-check&#8221;]<\/span>\u00a0 <span style=\"color: #343434;\">Rehvide v\u00e4lispinnad<\/span><\/strong><br \/>\n<strong><span style=\"color: #3d92e4;\">[icon type=&#8221;fas fa-check&#8221;]<\/span>\u00a0 <span style=\"color: #343434;\">Tuled<\/span><\/strong><br \/>\n<strong><span style=\"color: #3d92e4;\">[icon type=&#8221;fas fa-check&#8221;]<\/span>\u00a0 <span style=\"color: #343434;\">Klaaside v\u00e4lispinnad ( NB ! Avatavatel klaasidel \u00fclemised \u00e4\u00e4red )<\/span><\/strong>[\/vc_column_text][\/vc_column][\/vc_row]<\/p>\n<\/section>","protected":false},"excerpt":{"rendered":"<p>Any building or structure more than two stories high requires special window cleaning. We have well-made, well-maintained tools<\/p>\n","protected":false},"author":1,"featured_media":12468,"parent":794,"menu_order":0,"comment_status":"closed","ping_status":"closed","template":"","meta":{"footnotes":""},"class_list":["post-815","page","type-page","status-publish","has-post-thumbnail","hentry"],"acf":[],"_links":{"self":[{"href":"https:\/\/beta.tammikupesula.ee\/index.php?rest_route=\/wp\/v2\/pages\/815","targetHints":{"allow":["GET"]}}],"collection":[{"href":"https:\/\/beta.tammikupesula.ee\/index.php?rest_route=\/wp\/v2\/pages"}],"about":[{"href":"https:\/\/beta.tammikupesula.ee\/index.php?rest_route=\/wp\/v2\/types\/page"}],"author":[{"embeddable":true,"href":"https:\/\/beta.tammikupesula.ee\/index.php?rest_route=\/wp\/v2\/users\/1"}],"replies":[{"embeddable":true,"href":"https:\/\/beta.tammikupesula.ee\/index.php?rest_route=%2Fwp%2Fv2%2Fcomments&post=815"}],"version-history":[{"count":16,"href":"https:\/\/beta.tammikupesula.ee\/index.php?rest_route=\/wp\/v2\/pages\/815\/revisions"}],"predecessor-version":[{"id":13109,"href":"https:\/\/beta.tammikupesula.ee\/index.php?rest_route=\/wp\/v2\/pages\/815\/revisions\/13109"}],"up":[{"embeddable":true,"href":"https:\/\/beta.tammikupesula.ee\/index.php?rest_route=\/wp\/v2\/pages\/794"}],"wp:featuredmedia":[{"embeddable":true,"href":"https:\/\/beta.tammikupesula.ee\/index.php?rest_route=\/wp\/v2\/media\/12468"}],"wp:attachment":[{"href":"https:\/\/beta.tammikupesula.ee\/index.php?rest_route=%2Fwp%2Fv2%2Fmedia&parent=815"}],"curies":[{"name":"wp","href":"https:\/\/api.w.org\/{rel}","templated":true}]}}